2)/f*35/(-2)?
2, 7
Let x = 7 + 59. What are the prime factors of x?
2, 3, 11
Let y = -6 - -8. Suppose -r - 24 = -c, -29 = -c + y*r - 2. List the prime factors of c.
3, 7
Let t(b) = b**2 + 4*b + 5. Let n be t(-6). Suppose -n = -r + 8. List the prime factors of r.
5
Let j(x) = -x - 2. Let s be j(-1). List the prime factors of (s - -3)*15/6.
5
Suppose 8*i = 3*i + 15, 4*j - 273 = 5*i. List the prime factors of j.
2, 3
Let i(z) = z - 3*z + z. Let v be i(-2). Suppose v*y = -0*y + 18. List the prime factors of y.
3
Suppose -v - v - 18 = 0. Let z = 10 + v. Suppose -z = -w + 13. What are the prime factors of w?
2, 7
Let c(v) = v**3 - 7*v**2 - v + 9. Let b be c(7). Suppose -b*q = -7 - 5. What are the prime factors of q?
2, 3
Let m be 4/1 + -2 + -2. Let y = m - 0. Let f = 3 - y. List the prime factors of f.
3
Let c be 1 + (-3)/((-3)/3). Let m be (c/(-3))/(1/6). Let n(p) = p + 17. List the prime factors of n(m).
3
Let s(q) = -3*q**2 + 3*q + 3 + q + 5*q**2. Let m(c) = -3*c**2 - 7*c - 5. Let p(w) = 6*m(w) + 10*s(w). List the prime factors of p(-2).
2, 3
Suppose -18 - 142 = -4*i. Suppose 4*z = -4*k + i, 4*k + 3*z = 3*k + 16. What are the prime factors of k?
7
Suppose -4*u - t = -11, 0 = -3*u - 2*t + 3 - 1. Suppose 0 = -y + 3*c + 8, y = -3*c - u - 0. What are the prime factors of y?
2
Let u(c) = c**3 + 6*c**2 - 8*c - 3. Let l be u(-7). Suppose 14 = l*g - 3*g - t, 0 = 2*t - 6. List the prime factors of g.
17
Let t(d) = d**2 + 6*d + 6. Let v be t(-6). Suppose j = -4*y - 6, 2*y = -2*j - 3*j + v. What are the prime factors of j?
2
Suppose 0 = 4*h + h + 15. Suppose u + 5 = l, 2*l + 4*u - 17 - 23 = 0. Let v = l + h. List the prime factors of v.
7
Suppose 0 = 4*p - 52 - 108. Let u = p - 17. Suppose -u = -3*m + 7. What are the prime factors of m?
2, 5
Suppose b = -3*c - 2*b + 270, 4*b + 298 = 3*c. What are the prime factors of c?
2, 47
Let y = 368 + -71. List the prime factors of y.
3, 11
Suppose -d + 4 = 3*d. Let m = 3 - d. List the prime factors of 2 - (-2)/m*6.
2
List the prime factors of -2*(-4)/8 - -45.
2, 23
Suppose 5*b = -2*v, b = -3*b + 2*v. Suppose -25 = -b*j - 5*j. What are the prime factors of j?
5
Let b = -4 - -2. What are the prime factors of -4*(-1)/b*-1?
2
Let s = 10 - 8. Let p(j) = 2*j**3 + 4*j**s - 1 + 2*j - j**3 - 1. What are the prime factors of p(-2)?
2
What are the prime factors of (62/(-4))/(6/(-12))?
31
Let d(v) = -v**3 - 4*v**2 + 4*v + 1. Suppose 0 = -5*y - 9 - 16. List the prime factors of d(y).
2, 3
Let m(a) = a**3 - 6*a**2 + 5*a + 2. Let g be m(5). Suppose -g*o + 39 = o. What are the prime factors of o?
13
Let v = 0 + 0. Let r(u) be the third derivative of -u**4/24 + 4*u**3/3 + 4*u**2. What are the prime factors of r(v)?
2
Suppose -2*d - d + 48 = 0. Suppose -g + 3*g - d = 0. List the prime factors of g.
2
Let q be (-2)/(-6)*23*3. Let z = 56 - q. What are the prime factors of z?
3, 11
Let u = 13 - 8. List the prime factors of u.
5
Let z = 52 - 28. List the prime factors of z.
2, 3
Suppose 3*s = -2*z + 3*z + 6, -3*z + 3*s = 6. Suppose -d = -z*d - 5. List the prime factors of d.
5
Let s(g) = g**3 - 5*g**2 + 4*g + 5. What are the prime factors of s(4)?
5
Suppose 0 = 9*j - 5*j. Let r = -26 - -86. Suppose -4*o - 20 = -j, 0 = 5*n - 3*o - r. List the prime factors of n.
3
List the prime factors of ((-8)/6)/((-8)/12).
2
Let t be ((-6)/(-4))/(3/4). Let k = t + -2. Suppose k = 2*q + 3*q - 65. What are the prime factors of q?
13
Suppose 8 = 4*j, -5*u = -4*j + j - 224. List the prime factors of u.
2, 23
Suppose 0 = -4*s + 5*m + 120, 6 - 23 = -s - 2*m. List the prime factors of s.
5
Let n = 306 - 161. What are the prime factors of n?
5, 29
Let s(j) = -j**3 - 9*j**2 + 5. Let y be s(-9). Suppose 2*u = 3*u - y. Suppose 4*v = 3 + u. List the prime factors of v.
2
Let w(x) = x**2 + 5*x + 6. Let d be w(-7). Suppose -4*b - 3*p + d = 0, 1 = 3*b + 5*p - 3. List the prime factors of b.
2
Let z = 4 + -2. Suppose 7*m - 80 = z*m. What are the prime factors of m?
2
Suppose -4*l + 54 = 5*c - 38, -3*c = -l + 6. Suppose 3*h - 114 = -4*m + l, -m - 3*h = -33. What are the prime factors of m?
3, 11
Suppose -5*x + 225 = -3*c, -2*x + c + 100 = 11. What are the prime factors of x?
2, 3, 7
Let p = 2 + -5. Let z = p + 9. Suppose 0 = z*h - 3*h - 15. What are the prime factors of h?
5
Suppose 42 = -3*s + 5*n, 3*s + 2*n = -61 + 19. Let g = s - -26. What are the prime factors of g?
2, 3
Let j = -13 - -8. Let f(l) be the second derivative of -l**5/20 - l**4/3 + 2*l**3/3 + l**2/2 + 2*l. What are the prime factors of f(j)?
2, 3
Let m(r) = 5*r - 1. List the prime factors of m(8).
3, 13
Let h(m) = m**3 - 12*m**2 + 16*m + 3. What are the prime factors of h(11)?
2, 29
Let h be 26/4*(5 - 3). Let d = h + -8. Suppose o = d*o - 44. What are the prime factors of o?
11
Let d = -8 - -11. List the prime factors of ((-7)/d)/(1/(-3)).
7
Let y = 7 - -7. Let b = y - 1. List the prime factors of b.
13
Let h(w) = -w**3 - 3*w**2 + 3*w + 2. Let g(u) = u**3 + 4*u**2 + 5*u + 2. Let n be g(-3). What are the prime factors of h(n)?
2, 3
Suppose 4*y + 11 - 41 = -2*t, -y = -3*t + 38. Let h = 18 - t. What are the prime factors of (19 - h) + -1*1?
13
Suppose 0*a + 4*a - 4*d - 192 = 0, -186 = -4*a + d. Let q = a + -24. What are the prime factors of q?
2, 11
Suppose 0 = -3*j + 4*o + 213, 283 = -0*j + 4*j - 5*o. List the prime factors of j.
67
Let y(x) = -2*x + 7. Let v be y(12). Let r = -10 - v. What are the prime factors of r?
7
Let i = 0 + 0. Suppose i = -6*x + x + 20. Suppose x*s = 27 - 7. List the prime factors of s.
5
Let g = 0 - -2. Let w(r) = -r**g + 0 + 7 - 2. List the prime factors of w(0).
5
Suppose 0 = i - 7 - 11. List the prime factors of (-2)/(-6) + 354/i.
2, 5
Let m(k) be the second derivative of k**4/12 + k. What are the prime factors of m(-2)?
2
Let w(g) = -5*g - 18. Let h be (-9)/(18/16) + -2. What are the prime factors of w(h)?
2
Suppose 4*u + r = -r + 4, -2*r = -5*u + 5. Let b = 9 - u. What are the prime factors of b?
2
Suppose 5*l - 77 = 53. What are the prime factors of l?
2, 13
Let a be (-8)/(-2)*10/8. What are the prime factors of (-1)/a - (-1288)/40?
2
Let t(c) = -c + 9. Let w be t(7). Let l(h) = w*h**2 - 4*h - 3*h**2 - 7 - 4*h. What are the prime factors of l(-6)?
5
Suppose -5*c - 88 = 3*c. Let t(p) = -3 - 2 - 2 - p**2 - 12*p. List the prime factors of t(c).
2
Let f(a) = a**2 + 5*a - 29. What are the prime factors of f(-16)?
3, 7
Let b(i) = -i**3 + 8*i**2 + 7*i - 10. Let s be b(8). Suppose 0 = -u + 2*a + 22, s = 3*u + 3*a + a. What are the prime factors of u?
2, 3
Let y = -15 + 14. List the prime factors of 1/y*-2 - -8.
2, 5
Let i = 533 - 346. What are the prime factors of i?
11, 17
Let r be -6*(-10)/4 + 2. Suppose -4*q = 7 + r. What are the prime factors of (-60)/(-18)*q/(-5)?
2
Let y(r) = -r**3 + 6*r**2 + 3*r + 4. Let v be y(6). Let n = v + -7. List the prime factors of n.
3, 5
Let z be (-1)/5 - (-9)/(-5). Let n be z/6 - 3/(-9). Suppose -3*l + 0*l + 15 = n. What are the prime factors of l?
5
Suppose 0 = z + 3*z + 24. Let x be -23 - (-3)/((-9)/z). Let r = x + 32. What are the prime factors of r?
11
Let a = -2 - -14. What are the prime factors of a?
2, 3
Suppose 4*y - 5*s - 137 = -0*y, -5*y + 160 = -4*s. What are the prime factors of y?
2, 7
Suppose 80 = 2*o - 36. What are the prime factors of o?
2, 29
Suppose 0 = t + 4*t - 15. Suppose -4*w = -5*z + 3, 0 = 5*z - 3*w - t - 3. Suppose 0*m + 36 = z*m. What are the prime factors of m?
2, 3
Let s(m) = 2*m**2 + 1. List the prime factors of s(5).
3, 17
Suppose -10 = i - 3*i. Let q(t) = -t**3 - 4*t + 6*t**2 + 0*t**2 - 3 + 7. What are the prime factors of q(i)?
3
Let j = -87 + 270. List the prime factors of j.
3, 61
Let d(w) = 42*w**2 + 5*w - 7. List the prime factors of d(2).
3, 19
Let l(n) = -n**2 - 9*n + 1. Suppose -4*f + m = 11 + 18, 0 = 5*f - m + 37. List the prime factors of l(f).
3
Let c(a) = 54*a - 10. What are the prime factors of c(7)?
2, 23
Let n = -110 - -243. List the prime factors of n.
7, 19
Suppose -4*v + 94 = -2*k, -5*v + 50 + 48 = 4*k. List the prime factors of v.
2, 11
Suppose h = -3*h. Suppose 5*m - 2*m = h. Suppose 5*i - 10 = 2*n + 6, -n - 3 = m. What are the prime factors of i?
2
Let r(p) = -p**2 - 8*p - 3. Let y be 21/(-9)*(-1 + 4). List the prime factors of r(y).
2
Let v be 300/51 - 12/(-102). Let n = 9 - 5. List the prim